at is the remainder when 13803 is divided by 13219?
584
Calculate the remainder when 58745 is divided by 576.
569
Calculate the remainder when 57680 is divided by 182.
168
Calculate the remainder when 22959 is divided by 43.
40
What is the remainder when 51567 is divided by 67?
44
Calculate the remainder when 4513 is divided by 2245.
23
Calculate the remainder when 64461 is divided by 260.
241
Calculate the remainder when 111546 is divided by 18590.
6
What is the remainder when 1335 is divided by 494?
347
Calculate the remainder when 333326 is divided by 55550.
26
What is the remainder when 1513252 is divided by 212?
208
What is the remainder when 1708924 is divided by 425?
424
Calculate the remainder when 10566 is divided by 122.
74
Calculate the remainder when 33994 is divided by 13.
12
Calculate the remainder when 37417 is divided by 12.
1
Calculate the remainder when 6886 is divided by 1143.
28
Calculate the remainder when 42803 is divided by 564.
503
What is the remainder when 142930 is divided by 17?
11
Calculate the remainder when 157392 is divided by 164.
116
Calculate the remainder when 380 is divided by 14.
2
Calculate the remainder when 44463 is divided by 11111.
19
Calculate the remainder when 18686 is divided by 279.
272
What is the remainder when 36781 is divided by 118?
83
Calculate the remainder when 10084 is divided by 67.
34
What is the remainder when 250394 is divided by 236?
234
Calculate the remainder when 18211 is divided by 18117.
94
Calculate the remainder when 15315 is divided by 202.
165
What is the remainder when 3222 is divided by 660?
582
Calculate the remainder when 1079662 is divided by 1084.
1082
Calculate the remainder when 309076 is divided by 9.
7
What is the remainder when 119988 is divided by 79?
66
Calculate the remainder when 9135 is divided by 527.
176
Calculate the remainder when 13941 is divided by 81.
9
What is the remainder when 24796 is divided by 206?
76
Calculate the remainder when 3536 is divided by 645.
311
What is the remainder when 853 is divided by 3?
1
Calculate the remainder when 28128 is divided by 18.
12
What is the remainder when 297379 is divided by 103?
18
What is the remainder when 606 is divided by 165?
111
Calculate the remainder when 15824 is divided by 71.
62
Calculate the remainder when 47088 is divided by 219.
3
Calculate the remainder when 46146 is divided by 325.
321
What is the remainder when 3434 is divided by 1615?
204
Calculate the remainder when 7537 is divided by 7528.
9
What is the remainder when 10032 is divided by 9997?
35
What is the remainder when 75547 is divided by 44?
43
Calculate the remainder when 21581 is divided by 393.
359
Calculate the remainder when 7027018 is divided by 54.
52
Calculate the remainder when 4854 is divided by 10.
4
What is the remainder when 12513 is divided by 3126?
9
What is the remainder when 142888 is divided by 33?
31
Calculate the remainder when 565 is divided by 347.
218
Calculate the remainder when 1745 is divided by 698.
349
Calculate the remainder when 3532 is divided by 405.
292
Calculate the remainder when 149061 is divided by 14905.
11
Calculate the remainder when 557068 is divided by 465.
463
What is the remainder when 3865 is divided by 91?
43
Calculate the remainder when 3695 is divided by 91.
55
Calculate the remainder when 96909 is divided by 24.
21
Calculate the remainder when 3298 is divided by 110.
108
What is the remainder when 58767 is divided by 18?
15
What is the remainder when 60563 is divided by 2886?
2843
What is the remainder when 13781 is divided by 263?
105
What is the remainder when 21827 is divided by 21822?
5
What is the remainder when 26717 is divided by 143?
119
What is the remainder when 31708 is divided by 52?
40
Calculate the remainder when 2835 is divided by 158.
149
Calculate the remainder when 43708 is divided by 470.
468
Calculate the remainder when 13624 is divided by 292.
192
Calculate the remainder when 55749 is divided by 163.
3
What is the remainder when 10513 is divided by 101?
9
Calculate the remainder when 253073 is divided by 15817.
1
Calculate the remainder when 6361 is divided by 2069.
154
Calculate the remainder when 15083 is divided by 2507.
41
What is the remainder when 5877 is divided by 328?
301
Calculate the remainder when 29187 is divided by 9721.
24
Calculate the remainder when 203561 is divided by 590.
11
What is the remainder when 11918 is divided by 2978?
6
What is the remainder when 11893 is divided by 3947?
52
What is the remainder when 57734 is divided by 29?
24
What is the remainder when 11799 is divided by 76?
19
Calculate the remainder when 30619 is divided by 10.
9
What is the remainder when 71549 is divided by 208?
205
What is the remainder when 859 is divided by 325?
209
What is the remainder when 86106 is divided by 43047?
12
Calculate the remainder when 63810 is divided by 31904.
2
Calculate the remainder when 324235 is divided by 44.
43
Calculate the remainder when 8265 is divided by 1033.
1
What is the remainder when 112367 is divided by 37449?
20
What is the remainder when 20630 is divided by 93?
77
Calculate the remainder when 11320 is divided by 132.
100
What is the remainder when 323328 is divided by 1278?
1272
What is the remainder when 16216 is divided by 3233?
51
Calculate the remainder when 366972 is divided by 1668.
12
What is the remainder when 14383 is divided by 232?
231
What is the remainder when 181537 is divided by 181526?
11
What is the remainder when 37719 is divided by 3?
0
What is the remainder when 35879 is divided by 26?
25
What is the remainder when 33718 is divided by 40?
38
What is the remainder when 603930 is divided by 7?
5
What is the remainder when 7952 is divided by 318?
2
Calculate the remainder when 1878 is divided by 1447.
431
What is the remainder when 43027 is divided by 7171?
1
Calculate the remainder when 297368 is divided by 227.
225
What is the remainder when 123132 is divided by 15?
12
Calculate the remainder when 50298 is divided by 179.
178
What is the remainder when 120560 is divided by 18?
14
What is the remainder when 685 is divided by 490?
195
What is the remainder when 65653 is divided by 925?
903
What is the remainder when 43007 is divided by 27?
23
Calculate the remainder when 2590 is divided by 347.
161
Calculate the remainder when 384 is divided by 364.
20
Calculate the remainder when 85952 is divided by 44.
20
What is the remainder when 256 is divided by 2?
0
What is the remainder when 12837 is divided by 87?
48
Calculate the remainder when 595 is divided by 288.
19
Calculate the remainder when 30829 is divided by 64.
45
Calculate the remainder when 5228 is divided by 5195.
33
Calculate the remainder when 8063 is divided by 33.
11
Calculate the remainder when 39775 is divided by 173.
158
What is the remainder when 11820 is divided by 37?
17
Calculate the remainder when 1493898 is divided by 9165.
3
What is the remainder when 2756 is divided by 391?
19
Calculate the remainder when 6014351 is divided by 19.
15
Calculate the remainder when 33563 is divided by 22.
13
Calculate the remainder when 1249 is divided by 95.
14
What is the remainder when 41320 is divided by 13769?
13
What is the remainder when 1598 is divided by 798?
2
What is the remainder when 29316 is divided by 1228?
1072
Calculate the remainder when 47304 is divided by 1478.
8
What is the remainder when 11554 is divided by 1443?
10
What is the remainder when 8964 is divided by 176?
164
Calculate the remainder when 20113 is divided by 4757.
1085
What is the remainder when 346447 is divided by 410?
407
Calculate the remainder when 72853 is divided by 347.
330
What is the remainder when 132563 is divided by 312?
275
What is the remainder when 224102 is divided by 463?
10
Calculate the remainder when 3474 is divided by 429.
42
What is the remainder when 1456 is divided by 254?
186
What is the remainder when 39659 is divided by 7928?
19
What is the remainder when 249886 is divided by 355?
321
Calculate the remainder when 207755 is divided by 140.
135
Calculate the remainder when 355564 is divided by 96.
76
Calculate the remainder when 11703 is divided by 3869.
96
What is the remainder when 5439 is divided by 491?
38
Calculate the remainder when 332749 i